4*f - f, -5*f = -15. What is the highest common divisor of m and p?
3
Suppose 13*y - 69 = 10*y. Calculate the highest common factor of y and 322.
23
Suppose w = 2*w - 531. Suppose 4*s - 9 - w = 0. Let q(m) = m**3 + 6*m**2 + 4*m - 1. Let n be q(-4). Calculate the greatest common divisor of n and s.
15
Let c be 2/4*-3*-2. Let g be 45/3*(-103)/c. Let u be (-1)/(-4) + g/(-20). What is the greatest common factor of 65 and u?
13
Let p = -21 + 3. Let z be 8/(-6)*p/1. What is the greatest common factor of 36 and z?
12
Let y(u) = -u**3 + 10*u**2 + 2*u - 10. Let n be y(8). Let a be 3*n/(-12)*4. Let f = a + 224. What is the highest common divisor of f and 10?
10
Let c(t) = -t**2 - 14*t + 47. Let y be c(-16). What is the highest common factor of y and 105?
15
Suppose 7*g = 2*g - 4*r + 18, 3*g + 2*r = 12. Calculate the greatest common divisor of g and 54.
6
Suppose -v = 0, -5*v = -3*y - 2*v + 48. What is the highest common divisor of y and 144?
16
Let q be -2 + (1 + 25)*1. What is the greatest common divisor of q and 96?
24
Let s(c) = -c + 4. Let y be s(3). Let g be (-1)/(((-36)/90)/(8/10)). What is the highest common divisor of g and y?
1
Let f be (396/(-11))/(4/(-6)). What is the highest common factor of f and 36?
18
Let z(d) be the third derivative of -d**6/120 + 7*d**5/60 - d**4/4 + 5*d**3/6 + d**2. Let t be z(6). What is the greatest common factor of t and 25?
5
Let r(s) = s**2 - 6*s. Let z be r(6). Let p be (-1 - (z + -11)) + -1. What is the greatest common factor of 45 and p?
9
Let w = 88 - -3. Suppose 8*f = 3*f + 65. What is the highest common divisor of w and f?
13
Let x(p) be the second derivative of -5*p**4/4 + p**3/3 + p**2 + p. Let n be x(3). Let y = 223 + n. What is the greatest common divisor of y and 12?
12
Let n be (-12)/(4/12*-2). What is the greatest common divisor of n and 18?
18
Suppose 5*x = -4*n + 195, 8*n - 231 = 3*n - 2*x. Calculate the greatest common factor of n and 5.
5
Let q = 292 - 207. Let r(j) = j**2 + 7*j + 23. Let n be r(-6). Calculate the greatest common factor of n and q.
17
Suppose 0*i - 4*i + 44 = 0. Let o(y) = y**2 + y + 121. Let k be o(0). What is the highest common divisor of i and k?
11
Let c(t) = t**2 - 3*t + 6. Let k be c(4). Suppose 0 = -3*v + 23 + 37. Calculate the highest common factor of k and v.
10
Let o be 9*(5 - 4 - 2)*-26. Calculate the highest common divisor of o and 26.
26
Let k(g) = 5*g - 33. Let j be k(12). Suppose d - 7 = -4. Calculate the highest common divisor of j and d.
3
Let c(d) = d**3 + 10*d**2 + 9*d - 10. Let x be c(-9). Let f be (0 - -2)/(-2)*x. Calculate the greatest common divisor of f and 20.
10
Let h = 10 + 8. Calculate the highest common divisor of h and 18.
18
Let i(t) = -t**2 + t - 2. Let g be i(3). Let y = 11 + g. Let a be (-106)/(-6) - 2/(-6). Calculate the greatest common factor of y and a.
3
Let b be 2*(2 - (-7)/(-2)). Let k(c) = -4*c**3 - 4*c. Let m be k(b). Calculate the highest common divisor of m and 15.
15
Let h be -3*(-3)/9*5. Let u be (0 - -51) + 4/1. Calculate the highest common factor of u and h.
5
Suppose 2*i = -2*z + 258, -5*z - 113 = -2*i + 138. Calculate the greatest common factor of i and 32.
32
Let v = -96 - -106. Calculate the greatest common factor of v and 130.
10
Suppose 53*b - 240 = 50*b. Let i(j) = -j + 7. Let p be i(5). Suppose 3*f - 32 = p*f. Calculate the highest common factor of b and f.
16
Let v = 256 + -152. Let a be ((-12)/2)/(-2) - 1. Suppose a*f = m - 20, -3*f - 64 + 21 = -2*m. Calculate the highest common factor of v and m.
26
Suppose 610 = 5*d + 4*z, -5*d + 4*z - 6*z + 620 = 0. What is the greatest common factor of d and 84?
42
Let c = -98 + 102. Suppose -2*h = h + 6. Let a be (4/h)/(3/(-54)). Calculate the highest common factor of c and a.
4
Let q be (-8 + 5)/(1*-1). What is the highest common divisor of q and 12?
3
Suppose -78*l + 84 = -76*l. Calculate the greatest common factor of l and 6.
6
Let g = 4 + -4. Suppose 2*u = -g*n + 2*n - 20, 71 = 5*n + 2*u. What is the greatest common divisor of 65 and n?
13
Let i = 9 - 4. Suppose 0 = x + 5*n - 45, -x + i*n = -0*x + 5. Suppose 24 = 3*w - 0. What is the greatest common divisor of x and w?
4
Suppose -t - 4*d = -7 + 1, 2*t = 4*d. Let g be t/(-8) + 402/8. Calculate the greatest common divisor of g and 10.
10
Suppose -4*z + 254 = -0*z - 2*h, 3*z - 4*h - 193 = 0. Calculate the highest common factor of 9 and z.
9
Let q(m) = 17*m + 3. Let y be q(1). What is the highest common divisor of 50 and y?
10
Suppose 3*h + 0 = 6, -3*l - 5*h + 13 = 0. Let v be -2 + -12*-2*l. Let s(n) = -n**3 + n**2 - n + 11. Let w be s(0). What is the highest common factor of w and v?
11
Suppose -4*x - 3*d + 31 = -0*x, 2*x - 23 = -3*d. What is the highest common factor of 4 and x?
4
Let v = 23 - 7. Suppose t = -3*t + 4. Let f be -360*4*t/(-10). Calculate the highest common divisor of f and v.
16
Let m be ((-36)/8)/((-4)/8). Suppose l + m = 17. Calculate the highest common divisor of 72 and l.
8
Let x be (6/(-9))/(1 + 20/(-18)). Calculate the highest common divisor of x and 42.
6
Let n = -13 + 21. Let v = 4 + -2. Calculate the greatest common divisor of n and v.
2
Suppose -19 - 23 = 6*i. Let g(m) = -m**3 - 8*m**2 - 6*m + 13. Let t be g(i). What is the highest common divisor of t and 12?
6
Suppose -5*m - 24 = -74. Let i be (20/(-4))/((-1)/20). Suppose -5*q - 340 = -3*u, 2*q + 3*q = -u + i. What is the greatest common factor of m and u?
10
Let s be 2*(-2)/((-12)/21). Suppose s*x - 2*x = 0. Suppose -2*q + 15 + 11 = x. What is the highest common factor of q and 52?
13
Let r = -4 + 6. Suppose 0 = -r*f - 13 + 57. What is the greatest common factor of f and 176?
22
Let w(a) = a**2 + 5*a - 18. Let m be w(-11). Suppose -2*b + 12 + 30 = 2*g, b = 4*g - 59. Calculate the greatest common divisor of m and g.
16
Let l = 319 + -134. Calculate the highest common factor of 37 and l.
37
Suppose -4*y = -0*y - 2*j - 26, -3*y = j - 27. What is the greatest common factor of y and 1?
1
Suppose 4*f + 249 = 4*j + f, 3*j - 188 = f. What is the greatest common factor of 315 and j?
63
Let h(z) = -z - 6. Let u be h(-9). Suppose u*m - 382 = -52. Calculate the highest common factor of m and 10.
10
Let l be ((-6)/(-2))/(10 + -7). Let y be 19/l - (1 + -4). Calculate the highest common divisor of y and 110.
22
Let m(h) = -h**2 - 11*h + 14. Let a be m(-11). Let n(t) = 53*t + 6. Let b be n(2). What is the highest common divisor of a and b?
14
Let x be (1 - (-1 - -3)) + 3. Let v(m) = 27*m + 1. Let u be v(x). Calculate the highest common factor of u and 11.
11
Let u(b) = b**3 + 4*b**2 - 6*b - 8. Let w be u(-4). Calculate the highest common factor of w and 40.
8
Suppose 2*w = 2*o - 6, -o - o + 4*w + 8 = 0. What is the highest common factor of o and 16?
2
Let j = -4 - -14. Let z = j + 0. What is the highest common divisor of z and 30?
10
Let z = -7 + 7. Suppose 3*t + 68 = 5*n - z*t, -2*n + 20 = -3*t. What is the greatest common factor of 4 and n?
4
Let l = 1080 + -1078. Let g be ((-5)/(-4))/((-2)/(-8)). Let w(b) = -b**2 + 7*b - 4. Let a be w(g). Calculate the greatest common divisor of l and a.
2
Suppose -3*u + 5*i + 2 = 0, -3*u + 5*i = i - 4. Let x(b) = -b**2 + 4*b + 3. Let p be x(u). Suppose -2*g + 25 = 7. What is the greatest common factor of g and p?
3
Let d(m) = -m**3 - 6*m**2. Let r be d(-6). Let j(v) = -v**2 + 6*v - 3. Let p be j(5). Suppose a = p - r. What is the greatest common divisor of 10 and a?
2
Suppose 9 = 2*u - 1. Suppose -h + 7 = 4. Suppose 2*d - 200 = -h*d. What is the highest common divisor of d and u?
5
Let p(d) = d**3 + 4*d**2 - 7*d + 1. Let b be 3 - 0 - 2 - 6. Let j be p(b). What is the greatest common divisor of j and 44?
11
Suppose -2*s = y - 21, -3*y - 4*s - 30 + 87 = 0. Let o = 35 - y. Suppose -3*h = 2*h + 3*p - 37, -4*p = -h - 11. What is the highest common divisor of h and o?
5
Let g = 108 + -53. Calculate the greatest common divisor of g and 5.
5
Suppose -2*h + 8 = -0*h. Suppose h + 1 = -5*c, c = -t + 3. Let d be 14/t*24/4. Calculate the highest common factor of d and 14.
7
Suppose 0 = -10*j + 5*j + 15, 0 = -2*n + 2*j - 12. Let f be 11/4 - n/12. Suppose 0*i = -5*i + 15. What is the highest common divisor of f and i?
3
Let t(j) be the second derivative of 5*j**3 + j. Let p be t(2). Calculate the highest common divisor of 12 and p.
12
Suppose 4*